actors of 2631?
3, 877
List the prime factors of 19950.
2, 3, 5, 7, 19
What are the prime factors of 2741?
2741
List the prime factors of 2863.
7, 409
What are the prime factors of 13056?
2, 3, 17
List the prime factors of 1333.
31, 43
List the prime factors of 3736.
2, 467
What are the prime factors of 778?
2, 389
What are the prime factors of 10537?
41, 257
List the prime factors of 2463.
3, 821
What are the prime factors of 1061?
1061
What are the prime factors of 913?
11, 83
What are the prime factors of 28023?
3, 9341
What are the prime factors of 18655?
5, 7, 13, 41
What are the prime factors of 4234?
2, 29, 73
List the prime factors of 29974.
2, 7, 2141
List the prime factors of 189.
3, 7
What are the prime factors of 1017?
3, 113
What are the prime factors of 94498?
2, 37, 1277
List the prime factors of 94416.
2, 3, 7, 281
List the prime factors of 553.
7, 79
List the prime factors of 1028.
2, 257
What are the prime factors of 533?
13, 41
List the prime factors of 1988.
2, 7, 71
What are the prime factors of 17252?
2, 19, 227
What are the prime factors of 3951?
3, 439
What are the prime factors of 20867?
7, 11, 271
What are the prime factors of 4713?
3, 1571
What are the prime factors of 2570?
2, 5, 257
List the prime factors of 20230.
2, 5, 7, 17
List the prime factors of 3001.
3001
What are the prime factors of 1438?
2, 719
List the prime factors of 1822.
2, 911
What are the prime factors of 2416?
2, 151
What are the prime factors of 17339?
7, 2477
List the prime factors of 1589.
7, 227
What are the prime factors of 15977?
13, 1229
List the prime factors of 5326.
2, 2663
List the prime factors of 11320.
2, 5, 283
What are the prime factors of 1921?
17, 113
What are the prime factors of 132945?
3, 5, 8863
What are the prime factors of 1067?
11, 97
List the prime factors of 7323.
3, 2441
What are the prime factors of 58707?
3, 11, 593
What are the prime factors of 935?
5, 11, 17
List the prime factors of 8763.
3, 23, 127
List the prime factors of 8385.
3, 5, 13, 43
What are the prime factors of 15972?
2, 3, 11
List the prime factors of 3981.
3, 1327
List the prime factors of 5888.
2, 23
What are the prime factors of 24008?
2, 3001
What are the prime factors of 60417?
3, 7, 137
List the prime factors of 559.
13, 43
What are the prime factors of 3666?
2, 3, 13, 47
List the prime factors of 1834.
2, 7, 131
What are the prime factors of 42284?
2, 11, 31
What are the prime factors of 2530?
2, 5, 11, 23
What are the prime factors of 6440?
2, 5, 7, 23
What are the prime factors of 868?
2, 7, 31
List the prime factors of 20053.
11, 1823
List the prime factors of 3468.
2, 3, 17
List the prime factors of 28546.
2, 7, 2039
What are the prime factors of 9186?
2, 3, 1531
What are the prime factors of 1513?
17, 89
List the prime factors of 18046.
2, 7, 1289
List the prime factors of 46317.
3, 15439
What are the prime factors of 1633?
23, 71
What are the prime factors of 137?
137
What are the prime factors of 275?
5, 11
List the prime factors of 541.
541
List the prime factors of 108536.
2, 13567
What are the prime factors of 36336?
2, 3, 757
List the prime factors of 1614.
2, 3, 269
List the prime factors of 1618.
2, 809
What are the prime factors of 35942?
2, 17971
List the prime factors of 1128.
2, 3, 47
List the prime factors of 1062.
2, 3, 59
What are the prime factors of 1542?
2, 3, 257
What are the prime factors of 61435?
5, 11, 1117
List the prime factors of 1073.
29, 37
What are the prime factors of 83411?
239, 349
What are the prime factors of 55112?
2, 83
What are the prime factors of 16270?
2, 5, 1627
What are the prime factors of 4213?
11, 383
List the prime factors of 13524.
2, 3, 7, 23
List the prime factors of 21058.
2, 10529
What are the prime factors of 117083?
191, 613
List the prime factors of 453.
3, 151
What are the prime factors of 4213?
11, 383
List the prime factors of 127.
127
List the prime factors of 120.
2, 3, 5
What are the prime factors of 1265?
5, 11, 23
List the prime factors of 14908.
2, 3727
What are the prime factors of 116793?
3, 19, 683
List the prime factors of 4341.
3, 1447
List the prime factors of 52612.
2, 7, 1879
List the prime factors of 67782.
2, 3, 11, 13, 79
List the prime factors of 14218.
2, 7109
What are the prime factors of 17609?
17609
What are the prime factors of 53900?
2, 5, 7, 11
List the prime factors of 1036.
2, 7, 37
What are the prime factors of 738?
2, 3, 41
List the prime factors of 2352.
2, 3, 7
What are the prime factors of 6781?
6781
List the prime factors of 148811.
13, 11447
What are the prime factors of 79?
79
What are the prime factors of 6066?
2, 3, 337
List the prime factors of 518.
2, 7, 37
List the prime factors of 1730.
2, 5, 173
What are the prime factors of 6720?
2, 3, 5, 7
List the prime factors of 5435.
5, 1087
List the prime factors of 97072.
2, 6067
List the prime factors of 23154.
2, 3, 17, 227
What are the prime factors of 9306?
2, 3, 11, 47
What are the prime factors of 30620?
2, 5, 1531
What are the prime factors of 5075?
5, 7, 29
List the prime factors of 390.
2, 3, 5, 13
List the prime factors of 37959.
3, 12653
What are the prime factors of 5641?
5641
List the prime factors of 9952.
2, 311
List the prime factors of 95479.
95479
What are the prime factors of 170?
2, 5, 17
What are the prime factors of 1018?
2, 509
List the prime factors of 723.
3, 241
What are the prime factors of 39305?
5, 7, 1123
What are the prime factors of 2332?
2, 11, 53
List the prime factors of 22042.
2, 103, 107
What are the prime factors of 64367?
191, 337
List the prime factors of 25184.
2, 787
What are the prime factors of 986?
2, 17, 29
What are the prime factors of 12878?
2, 47, 137
What are the prime factors of 2318?
2, 19, 61
What are the prime factors of 1062?
2, 3, 59
List the prime factors of 8030.
2, 5, 11, 73
List the prime factors of 3215.
5, 643
List the prime factors of 1461.
3, 487
What are the prime factors of 358?
2, 179
What are the prime factors of 788?
2, 197
What are the prime factors of 15405?
3, 5, 13, 79
List the prime factors of 20785.
5, 4157
List the prime factors of 21495.
3, 5, 1433
List the prime factors of 69387.
3, 101, 229
List the prime factors of 5184.
2, 3
List the prime factors of 46939.
73, 643
What are the prime factors of 922?
2, 461
What are the prime factors of 6351?
3, 29, 73
What are the prime factors of 24449?
23, 1063
What are the prime factors of 84308?
2, 7, 3011
List the prime factors of 51439.
51439
What are the prime factors of 2803?
2803
List the prime factors of 40293.
3, 11, 37
List the prime factors of 18093.
3, 37, 163
List the prime factors of 13826.
2, 31, 223
What are the prime factors of 1322?
2, 661
List the prime factors of 2517.
3, 839
List the prime factors of 1439.
1439
What are the prime factors of 2041?
13, 157
What are the prime factors of 6562?
2, 17, 193
List the prime factors of 6500.
2, 5, 13
What are the prime factors of 22827?
3, 7, 1087
List the prime factors of 10949.
10949
What are the prime factors of 1961?
37, 53
List the prime factors of 6645.
3, 5, 443
What are the prime factors of 1225?
5, 7
What are the prime factors of 13817?
41, 337
What are the prime factors of 5255?
5, 1051
What are the prime factors of 1326?
2, 3, 13, 17
What are the prime factors of 3626?
2, 7, 37
What are the prime factors of 9738?
2, 3, 541
What are the prime factors of 37941?
3, 12647
List the prime factors of 30.
2, 3, 5
What are the prime factors of 1532?
2, 383
List the prime factors of 1375.
5, 11
What are the prime factors of 30137?
30137
List the prime factors of 6415.
5, 1283
What are the prime factors of 1380?
2, 3, 5, 23
What are the prime factors of 2957?
2957
List the prime factors of 150611.
150611
What are the prime factors of 1824?
2, 3, 19
List the prime factors of 368.
2, 23
List the prime factors of 7111.
13, 547
What are the prime factors of 144267?
3, 19, 2531
What are the prime factors of 1213?
1213
List the prime factors of 61220.
2, 5, 3061
What are the prime factors of 41279?
7, 5897
List the prime factors of 402.
2, 3, 67
What are the prime factors of 2107?
7, 43
List the prime factors of 3431.
47, 73
What are the prime factors of 40305?
3, 5, 2687
What are the prime factors of 16127?
16127
What are the